{"id":4663,"date":"2025-02-12T16:09:12","date_gmt":"2025-02-12T15:09:12","guid":{"rendered":"https:\/\/begabungsbruecke.de\/?page_id=4663"},"modified":"2025-02-12T16:12:27","modified_gmt":"2025-02-12T15:12:27","slug":"elementor-seite-4663","status":"publish","type":"page","link":"https:\/\/begabungsbruecke.de\/?page_id=4663","title":{"rendered":"Cool bleiben &#8211; Stress vermeiden"},"content":{"rendered":"\t\t<div data-elementor-type=\"wp-page\" data-elementor-id=\"4663\" class=\"elementor elementor-4663\">\n\t\t\t\t<div class=\"elementor-element elementor-element-7b9ed08 e-flex e-con-boxed e-con e-parent\" data-id=\"7b9ed08\" data-element_type=\"container\">\n\t\t\t\t\t<div class=\"e-con-inner\">\n\t\t\t\t<div class=\"elementor-element elementor-element-7b703c7 elementor-widget elementor-widget-text-editor\" data-id=\"7b703c7\" data-element_type=\"widget\" data-widget_type=\"text-editor.default\">\n\t\t\t\t<div class=\"elementor-widget-container\">\n\t\t\t\t\t\t\t\t\t<p><span style=\"font-style: inherit; font-weight: inherit; text-align: var(--text-align); background-color: var(--ast-global-color-4); color: var(--ast-global-color-3);\">Cool bleiben \u2013 Stress vermeiden<\/span><\/p>\n<p>Das Anti Stress Training f\u00fcr Kinder von 6 bis 13 Jahren<\/p>\n<p>Unsere Kinder haben heute oft schon ein gro\u00dfes Stressempfinden und Leistungsdruck.&nbsp; Das Leben wird immer komplexer und die Anforderungen steigen. Die Nutzung sozialer Medien verst\u00e4rkt oft noch Probleme.&nbsp; Dazu kommen Einfl\u00fcsse, die von au\u00dfen auf die Kinder einwirken (z. B Corona Pandemie, Kriege, Klimakrise\u2026) <br>Das Ziel dieses f\u00fcnfw\u00f6chigen Kurses ist es, aktuelle psychische Belastungen zu reduzieren und langfristig den Umgang mit Stresssituationen zu verbessern und Schutzfaktoren in der Familie zu unterst\u00fctzen.<br>Es werden verschiedene Techniken f\u00fcr einen langfristig guten Umgang mit Stress einge\u00fcbt, damit Kinder und Jugendliche Belastungen im sozialen und schulischen Kontext besser bew\u00e4ltigen k\u00f6nnen.&nbsp; Dies ist nicht nur jetzt f\u00fcr Ihr Kind hilfreich, sondern eine Investition f\u00fcr sein ganzes Leben, da sich fr\u00fch gelernte Dinge gut verankern!<\/p>\n<p>Erkundigen Sie sich nach den aktuellen Kursangeboten.<\/p>\t\t\t\t\t\t\t\t<\/div>\n\t\t\t\t<\/div>\n\t\t\t\t\t<\/div>\n\t\t\t\t<\/div>\n\t\t\t\t<\/div>\n\t\t","protected":false},"excerpt":{"rendered":"<p>Cool bleiben \u2013 Stress vermeiden Das Anti Stress Training f\u00fcr Kinder von 6 bis 13 Jahren Unsere Kinder haben heute oft schon ein gro\u00dfes Stressempfinden und Leistungsdruck.&nbsp; Das Leben wird immer komplexer und die Anforderungen steigen. Die Nutzung sozialer Medien verst\u00e4rkt oft noch Probleme.&nbsp; Dazu kommen Einfl\u00fcsse, die von au\u00dfen auf die Kinder einwirken (z. &hellip;<\/p>\n<p class=\"read-more\"> <a class=\"\" href=\"https:\/\/begabungsbruecke.de\/?page_id=4663\"> <span class=\"screen-reader-text\">Cool bleiben &#8211; Stress vermeiden<\/span> Weiterlesen &raquo;<\/a><\/p>\n","protected":false},"author":1,"featured_media":0,"parent":0,"menu_order":0,"comment_status":"closed","ping_status":"closed","template":"","meta":{"site-sidebar-layout":"no-sidebar","site-content-layout":"page-builder","ast-site-content-layout":"full-width-container","site-content-style":"default","site-sidebar-style":"default","ast-global-header-display":"","ast-banner-title-visibility":"","ast-main-header-display":"","ast-hfb-above-header-display":"","ast-hfb-below-header-display":"","ast-hfb-mobile-header-display":"","site-post-title":"disabled","ast-breadcrumbs-content":"","ast-featured-img":"disabled","footer-sml-layout":"","theme-transparent-header-meta":"","adv-header-id-meta":"","stick-header-meta":"","header-above-stick-meta":"","header-main-stick-meta":"","header-below-stick-meta":"","astra-migrate-meta-layouts":"default","ast-page-background-enabled":"default","ast-page-background-meta":{"desktop":{"background-color":"var(--ast-global-color-4)","background-image":"","background-repeat":"repeat","background-position":"center center","background-size":"auto","background-attachment":"scroll","background-type":"","background-media":"","overlay-type":"","overlay-color":"","overlay-gradient":""},"tablet":{"background-color":"","background-image":"","background-repeat":"repeat","background-position":"center center","background-size":"auto","background-attachment":"scroll","background-type":"","background-media":"","overlay-type":"","overlay-color":"","overlay-gradient":""},"mobile":{"background-color":"","background-image":"","background-repeat":"repeat","background-position":"center center","background-size":"auto","background-attachment":"scroll","background-type":"","background-media":"","overlay-type":"","overlay-color":"","overlay-gradient":""}},"ast-content-background-meta":{"desktop":{"background-color":"var(--ast-global-color-5)","background-image":"","background-repeat":"repeat","background-position":"center center","background-size":"auto","background-attachment":"scroll","background-type":"","background-media":"","overlay-type":"","overlay-color":"","overlay-gradient":""},"tablet":{"background-color":"var(--ast-global-color-5)","background-image":"","background-repeat":"repeat","background-position":"center center","background-size":"auto","background-attachment":"scroll","background-type":"","background-media":"","overlay-type":"","overlay-color":"","overlay-gradient":""},"mobile":{"background-color":"var(--ast-global-color-5)","background-image":"","background-repeat":"repeat","background-position":"center center","background-size":"auto","background-attachment":"scroll","background-type":"","background-media":"","overlay-type":"","overlay-color":"","overlay-gradient":""}},"footnotes":""},"_links":{"self":[{"href":"https:\/\/begabungsbruecke.de\/index.php?rest_route=\/wp\/v2\/pages\/4663"}],"collection":[{"href":"https:\/\/begabungsbruecke.de\/index.php?rest_route=\/wp\/v2\/pages"}],"about":[{"href":"https:\/\/begabungsbruecke.de\/index.php?rest_route=\/wp\/v2\/types\/page"}],"author":[{"embeddable":true,"href":"https:\/\/begabungsbruecke.de\/index.php?rest_route=\/wp\/v2\/users\/1"}],"replies":[{"embeddable":true,"href":"https:\/\/begabungsbruecke.de\/index.php?rest_route=%2Fwp%2Fv2%2Fcomments&post=4663"}],"version-history":[{"count":5,"href":"https:\/\/begabungsbruecke.de\/index.php?rest_route=\/wp\/v2\/pages\/4663\/revisions"}],"predecessor-version":[{"id":4669,"href":"https:\/\/begabungsbruecke.de\/index.php?rest_route=\/wp\/v2\/pages\/4663\/revisions\/4669"}],"wp:attachment":[{"href":"https:\/\/begabungsbruecke.de\/index.php?rest_route=%2Fwp%2Fv2%2Fmedia&parent=4663"}],"curies":[{"name":"wp","href":"https:\/\/api.w.org\/{rel}","templated":true}]}}