{"id":4409,"date":"2024-02-06T14:30:40","date_gmt":"2024-02-06T13:30:40","guid":{"rendered":"https:\/\/begabungsbruecke.de\/?page_id=4409"},"modified":"2025-02-12T16:24:44","modified_gmt":"2025-02-12T15:24:44","slug":"lernen","status":"publish","type":"page","link":"https:\/\/begabungsbruecke.de\/?page_id=4409","title":{"rendered":"Lernen"},"content":{"rendered":"\t\t<div data-elementor-type=\"wp-page\" data-elementor-id=\"4409\" class=\"elementor elementor-4409\">\n\t\t\t\t<div class=\"elementor-element elementor-element-95947bb e-flex e-con-boxed e-con e-parent\" data-id=\"95947bb\" data-element_type=\"container\" data-settings=\"{&quot;background_background&quot;:&quot;classic&quot;}\">\n\t\t\t\t\t<div class=\"e-con-inner\">\n\t\t\t\t<div class=\"elementor-element elementor-element-195bb5e elementor-widget elementor-widget-heading\" data-id=\"195bb5e\" data-element_type=\"widget\" data-widget_type=\"heading.default\">\n\t\t\t\t<div class=\"elementor-widget-container\">\n\t\t\t\t\t<h1 class=\"elementor-heading-title elementor-size-default\">Lernen<\/h1>\t\t\t\t<\/div>\n\t\t\t\t<\/div>\n\t\t\t\t\t<\/div>\n\t\t\t\t<\/div>\n\t\t<div class=\"elementor-element elementor-element-7699013 e-flex e-con-boxed e-con e-parent\" data-id=\"7699013\" data-element_type=\"container\">\n\t\t\t\t\t<div class=\"e-con-inner\">\n\t\t\t\t<div class=\"elementor-element elementor-element-a75fd52 elementor-widget elementor-widget-heading\" data-id=\"a75fd52\" data-element_type=\"widget\" data-widget_type=\"heading.default\">\n\t\t\t\t<div class=\"elementor-widget-container\">\n\t\t\t\t\t<h3 class=\"elementor-heading-title elementor-size-default\"><br>\u201eLernen ist Spiel und somit ganz eng mit der emotionalen Welt verkn\u00fcpft\u201c.\n(Jesper Jul)<\/h3>\t\t\t\t<\/div>\n\t\t\t\t<\/div>\n\t\t\t\t<div class=\"elementor-element elementor-element-a904c02 elementor-widget elementor-widget-text-editor\" data-id=\"a904c02\" data-element_type=\"widget\" data-widget_type=\"text-editor.default\">\n\t\t\t\t<div class=\"elementor-widget-container\">\n\t\t\t\t\t\t\t\t\t<p>Begleitend zur Beratung nutze ich mit meinen jungen Klienten spezielle Lernspiele, um ihre Anstrengungsbereitschaft, ihr Durchhalteverm\u00f6gen und die Frustrationstoleranz zu trainieren. Ebenso um negativen Selbst\u00e4u\u00dferungen und Konditionierungen auf die Spur zu kommen. Gleichzeitig wird so zum Beispiel auch strategisches und logisches Denken trainiert.<\/p><p>Diese Spielsituationen erm\u00f6glichen es, im gesch\u00fctzten Raum, Stresssituationen zu erleben und Wege aus diesen zu finden und zu trainieren. Gemeinsam suchen wir L\u00f6sungen, die sich auf den Alltag des Kindes \u00fcbertragen lassen. Mit diesen neu erworbenen Techniken erleben Kinder und Jugendliche ihre Wirksamkeit und f\u00fchlen sich belastenden Situationen besser gewachsen.<\/p><p>Erg\u00e4nzendes Angebote: Lernkompetenztests, Leistungsmotivationstests und kleine Entspannungs\u00fcbungen, die gut in den Alltag integriert werden k\u00f6nnen.<\/p>\t\t\t\t\t\t\t\t<\/div>\n\t\t\t\t<\/div>\n\t\t\t\t\t<\/div>\n\t\t\t\t<\/div>\n\t\t\t\t<\/div>\n\t\t","protected":false},"excerpt":{"rendered":"<p>Lernen \u201eLernen ist Spiel und somit ganz eng mit der emotionalen Welt verkn\u00fcpft\u201c. (Jesper Jul) Begleitend zur Beratung nutze ich mit meinen jungen Klienten spezielle Lernspiele, um ihre Anstrengungsbereitschaft, ihr Durchhalteverm\u00f6gen und die Frustrationstoleranz zu trainieren. Ebenso um negativen Selbst\u00e4u\u00dferungen und Konditionierungen auf die Spur zu kommen. Gleichzeitig wird so zum Beispiel auch strategisches und &hellip;<\/p>\n<p class=\"read-more\"> <a class=\"\" href=\"https:\/\/begabungsbruecke.de\/?page_id=4409\"> <span class=\"screen-reader-text\">Lernen<\/span> Weiterlesen &raquo;<\/a><\/p>\n","protected":false},"author":1,"featured_media":0,"parent":0,"menu_order":0,"comment_status":"closed","ping_status":"closed","template":"","meta":{"site-sidebar-layout":"no-sidebar","site-content-layout":"page-builder","ast-site-content-layout":"full-width-container","site-content-style":"default","site-sidebar-style":"default","ast-global-header-display":"","ast-banner-title-visibility":"","ast-main-header-display":"","ast-hfb-above-header-display":"","ast-hfb-below-header-display":"","ast-hfb-mobile-header-display":"","site-post-title":"disabled","ast-breadcrumbs-content":"","ast-featured-img":"disabled","footer-sml-layout":"","theme-transparent-header-meta":"","adv-header-id-meta":"","stick-header-meta":"","header-above-stick-meta":"","header-main-stick-meta":"","header-below-stick-meta":"","astra-migrate-meta-layouts":"set","ast-page-background-enabled":"default","ast-page-background-meta":{"desktop":{"background-color":"var(--ast-global-color-4)","background-image":"","background-repeat":"repeat","background-position":"center center","background-size":"auto","background-attachment":"scroll","background-type":"","background-media":"","overlay-type":"","overlay-color":"","overlay-gradient":""},"tablet":{"background-color":"","background-image":"","background-repeat":"repeat","background-position":"center center","background-size":"auto","background-attachment":"scroll","background-type":"","background-media":"","overlay-type":"","overlay-color":"","overlay-gradient":""},"mobile":{"background-color":"","background-image":"","background-repeat":"repeat","background-position":"center center","background-size":"auto","background-attachment":"scroll","background-type":"","background-media":"","overlay-type":"","overlay-color":"","overlay-gradient":""}},"ast-content-background-meta":{"desktop":{"background-color":"var(--ast-global-color-5)","background-image":"","background-repeat":"repeat","background-position":"center center","background-size":"auto","background-attachment":"scroll","background-type":"","background-media":"","overlay-type":"","overlay-color":"","overlay-gradient":""},"tablet":{"background-color":"var(--ast-global-color-5)","background-image":"","background-repeat":"repeat","background-position":"center center","background-size":"auto","background-attachment":"scroll","background-type":"","background-media":"","overlay-type":"","overlay-color":"","overlay-gradient":""},"mobile":{"background-color":"var(--ast-global-color-5)","background-image":"","background-repeat":"repeat","background-position":"center center","background-size":"auto","background-attachment":"scroll","background-type":"","background-media":"","overlay-type":"","overlay-color":"","overlay-gradient":""}},"footnotes":""},"_links":{"self":[{"href":"https:\/\/begabungsbruecke.de\/index.php?rest_route=\/wp\/v2\/pages\/4409"}],"collection":[{"href":"https:\/\/begabungsbruecke.de\/index.php?rest_route=\/wp\/v2\/pages"}],"about":[{"href":"https:\/\/begabungsbruecke.de\/index.php?rest_route=\/wp\/v2\/types\/page"}],"author":[{"embeddable":true,"href":"https:\/\/begabungsbruecke.de\/index.php?rest_route=\/wp\/v2\/users\/1"}],"replies":[{"embeddable":true,"href":"https:\/\/begabungsbruecke.de\/index.php?rest_route=%2Fwp%2Fv2%2Fcomments&post=4409"}],"version-history":[{"count":19,"href":"https:\/\/begabungsbruecke.de\/index.php?rest_route=\/wp\/v2\/pages\/4409\/revisions"}],"predecessor-version":[{"id":4677,"href":"https:\/\/begabungsbruecke.de\/index.php?rest_route=\/wp\/v2\/pages\/4409\/revisions\/4677"}],"wp:attachment":[{"href":"https:\/\/begabungsbruecke.de\/index.php?rest_route=%2Fwp%2Fv2%2Fmedia&parent=4409"}],"curies":[{"name":"wp","href":"https:\/\/api.w.org\/{rel}","templated":true}]}}